t**3 - 2*t**2. Suppose 26 = -14*h - 2. Give r(h).
2
Let s = 21 - 19. Let o(h) = 2*h + 0*h**2 + s*h - 3 - h**2. Give o(4).
-3
Suppose -n = 4*r, -3*r + r = 2. Suppose 5*v + n = -o, 2*v + o + 5 = 1. Let i(g) be the second derivative of g**3/6 - 5*g**2/2 - 5*g. Determine i(v).
-5
Let l(o) be the second derivative of -o**5/20 + o**4/12 + o**3/3 + o + 2. Give l(2).
0
Let a(n) = -n**3 - 6*n**2 + 7*n + 4. Let l be a(-7). Let w(m) be the third derivative of 1/60*m**5 + 1/24*m**l - 1/3*m**3 + 0 + 0*m - 2*m**2. Calculate w(2).
4
Let v(d) = 3*d + 13. Let s(r) = 2*r + 6. Let h(g) = 5*s(g) - 3*v(g). Calculate h(8).
-1
Let w(i) be the first derivative of 7 + 1/2*i**2 - 3*i. Determine w(3).
0
Let z(d) = -1 + 0*d**2 + 0*d + 2*d**2 + 4*d**2 - d. Calculate z(-1).
6
Let w(i) be the first derivative of i**3/3 - 5*i**2/2 - 10*i - 7. Calculate w(8).
14
Suppose 3*m + 2*m - 160 = -2*a, -140 = -5*m + 2*a. Let i = m + -24. Let n(c) be the third derivative of c**4/24 - 2*c**3/3 + c**2. Calculate n(i).
2
Let v(r) = 2 + 0*r**2 + r + r**2 - 1 - 4. What is v(3)?
9
Let f(u) = 2*u - 6. Let i(m) = -m + 1. Let n be i(-1). Let l(x) = 3 + 0*x - n*x + x. Let j(y) = 4*f(y) + 9*l(y). What is j(5)?
-2
Let m(j) = -j. Let h be 85/40 + (-3)/24. Give m(h).
-2
Suppose -1 = x - 0. Let w be (-2)/(4 + -2)*-1. Let n(c) = -3*c - 11*c**3 + 3*c - w. Calculate n(x).
10
Let g = 6 - 6. Suppose g = 5*m - 0*m. Let h(q) = q**3 - q**2 + 7. Give h(m).
7
Suppose 3*m = -2*m - 4*i + 47, 4*m - 3*i = 19. Suppose 8 = -4*t + 20. Suppose t*b + 3*d - m*d = 1, -3*b = -2*d + 7. Let x(q) = -q - 6. What is x(b)?
-1
Let r = -154 - -145. Let h(y) = -y - 3. What is h(r)?
6
Let r(l) = -4*l + 1. Let j(v) = -v. Let k(c) = -c + 7. Let g be k(5). Let w(z) = g*r(z) - 11*j(z). Give w(2).
8
Let p(f) be the third derivative of f**6/120 - 2*f**5/15 + f**4/3 - 5*f**3/6 + 3*f**2. Suppose -59 = -6*z - 17. Calculate p(z).
2
Let b(r) be the first derivative of r**2/2 + 5*r + 1. Let d = 6 + -6. Give b(d).
5
Let r(f) = f**2 + f - 1. Let z(x) = -4*x**2 - 11*x - 5. Let c(a) = 3*r(a) + z(a). Let w(u) = -4*u + 2. Let h be w(2). What is c(h)?
4
Let f(m) = -4*m**3 - 4*m**2 - 10*m - 6. Let q(h) = -3*h**3 - 5*h**2 - 9*h - 6. Let b(k) = -2*f(k) + 3*q(k). Give b(-6).
0
Suppose 0*r + 10 = -5*r. Let i(v) = 6*v**3 - 4*v**2 + 5*v + 5. Let p(w) = 7*w**3 - 5*w**2 + 6*w + 6. Let f(t) = -6*i(t) + 5*p(t). What is f(r)?
4
Let x(j) be the third derivative of j**5/60 + j**4/6 - j**3/3 + 71*j**2. What is x(-6)?
10
Suppose 24*k = 21*k - 21. Let q(u) = -u**2 - 8*u - 8. Calculate q(k).
-1
Let x(n) = -2*n + 2. Let o be x(-2). Let r(f) = 4 - o*f + 0 - 7 + f**2. Calculate r(3).
-12
Suppose 118*x = 120*x + 2. Let b(t) = 28*t**2 + t + 1. Give b(x).
28
Let h(z) = z**2 + 2*z - 1. Let r be h(-3). Let u be r*1*(-4 - -3). Let s(k) = k**3 + 2*k**2 + k - 2. What is s(u)?
-4
Let q(g) be the second derivative of -g**5/20 + g**4/4 - g**3/2 + g**2/2 - g. Let c = 9 - 6. Let k be c/(1 + 0) + 0. What is q(k)?
-8
Let l(k) = 5*k - 3. Let h(s) be the first derivative of -s**3/3 - 3*s**2 + s - 2. Let a be h(-5). Suppose -3*i = -0*i - a. What is l(i)?
7
Let g(c) = -4*c**2 + 1 + 5*c - 3 + 5*c**2. Let r be -2*2/(-4)*-5. Let v be (2 + -2 + 1)*r. Give g(v).
-2
Let o(l) = l + 1. Suppose 2*d - 12 = -0*d - 3*q, 2*q - 8 = 2*d. Let w be o(d). Let u = 1 - w. Let g(i) = i**3 + i**2 + i - 3. Give g(u).
-3
Let c(q) = -q**2 + 7*q + 1. Let y(w) = w. Let m(l) = c(l) - 3*y(l). Give m(6).
-11
Let b(g) = 2*g + 2. Let p = -9 - -8. Let n = -4 - p. Determine b(n).
-4
Suppose 0*o - 12 = -4*d + o, -4*o + 15 = 5*d. Let r(k) = -3 - 4 + 6 + 5 - 2*k. Calculate r(d).
-2
Let l(a) be the first derivative of a**3/3 - 5*a**2 + 10*a + 2. Give l(7).
-11
Let n = 12 - 8. Let x(r) = -1 - 4*r - r + n*r. Give x(4).
-5
Let j(s) be the second derivative of s**3/3 - s. Let h be (-29 - -24)*(-12)/10. What is j(h)?
12
Let l(j) = -j**3 - j**2 - 2. Let x(b) = -b + 3. Let h be x(-4). Let c be h/1 + (4 - 5). Let r = -8 + c. Give l(r).
2
Suppose -4*w = -8*w + 20. Let k(v) = v**3 - 4*v**2 - 5*v - 7. What is k(w)?
-7
Let o(l) = l + 17. Suppose 4*p = -0*p. Determine o(p).
17
Let o(f) = 4*f**3 - 13*f**2 - 11*f + 9. Let v(t) = 3*t**3 - 12*t**2 - 10*t + 9. Let m(d) = -4*o(d) + 5*v(d). Calculate m(-7).
2
Suppose 3*i - 3*v = 0, -5*v = -3*i + 10 - 2. Let y(p) = -p**3 - 4*p**2 - p + 2. What is y(i)?
6
Let l(w) = 19*w**2 - 37*w**2 + 21*w**2. Suppose 2*x = 3*v - 17, 3*v - 13 = -x - x. Give l(x).
3
Let c(z) = -4*z**3 + 5*z**2 + 4*z + 5. Let q(m) = -m**3 + 2*m**2 + m + 2. Let y(g) = -2*c(g) + 7*q(g). Calculate y(-4).
8
Let h(d) = -5*d + 11*d + 1 - 8*d. Calculate h(-2).
5
Suppose 0 = -6*d - 167 + 65. Let v = -18 - d. Let o(p) = -9*p. Calculate o(v).
9
Suppose 2*k + 29 - 5 = 0. Let d = 9 + k. Let j(q) be the first derivative of q**2 + 4*q - 1. Calculate j(d).
-2
Let v = 0 + 4. Let i(w) = -2*w - 11. Let h(q) = -q - 5. Let y(j) = 7*h(j) - 3*i(j). Determine y(v).
-6
Let j(y) = -y - y - 6 + 6. Determine j(-1).
2
Suppose 0 = 4*k - 5*c - 2, 3*k - 6 = 3*c - 3. Suppose 0 = -k*s + 2*s + 3. Let b = 3 - s. Let v(m) = m**2. Determine v(b).
0
Let z(o) = o + 12. Let k be z(-7). Let i(t) = -7. Let y(v) = v. Let r(c) = i(c) - y(c). What is r(k)?
-12
Let i = 109 + -110. Let v(q) = -19*q**2 + q. What is v(i)?
-20
Let j(f) be the third derivative of f**4/6 - f**3/2 - 6*f**2. Give j(2).
5
Suppose -3*b - b - 32 = 0. Let k be (34/(-8) + 4)*b. Let d(p) = -2*p**3 + 2*p**2. What is d(k)?
-8
Suppose -21 = -11*w + 1. Let h(m) = m**3 + 3*m**2 - m - 1. Give h(w).
17
Let w = -14 + 15. Let h(q) = 8 + 2*q + q - 5*q - w. Calculate h(6).
-5
Let w be -3*(10/(-3))/5. Suppose 4*n = -5*b + 14, 5*b + w + 8 = 0. Let j(x) = -x**3 + 5*x**2 + 6*x + 6. Give j(n).
6
Let u(k) = 2*k**3 - k**2. Suppose -w = g - 3*w - 1, 0 = 4*g - 4*w. Determine u(g).
-3
Let t(z) = z**3 - z**2 + z - 1. Let j(f) = -f**3 - 6*f**2 - f - 3. Let y(n) = j(n) + 2*t(n). What is y(8)?
3
Let i(x) = x - 5*x + 3*x. Suppose t = -4*s - 3*t + 4, 0 = 3*t + 6. Suppose 5*r = -5*h + 13 - 3, r + 6 = s*h. What is i(h)?
-2
Let f(t) = 4*t + 0 - 2*t**2 + 0. Let l = 3 - 0. Calculate f(l).
-6
Let n(f) = -f + 14. Let x be n(11). Let o(q) = q + 4 - 8 + x. Determine o(3).
2
Suppose 4*m - 7 = -4*k + 1, 0 = -3*m + 6. Suppose p - 4*p + 3 = k. Let t(g) = -7*g + 9. Let z(q) = -q + 1. Let x(j) = p*t(j) - 6*z(j). Give x(0).
3
Suppose -5*z + 30 = -5*s, 4*z + 0*s - 25 = 5*s. Let k(l) = -l**2 + 6*l - 4. Let q(g) = -g**2 + 6*g - 5. Let t(y) = -5*k(y) + 4*q(y). What is t(z)?
-5
Suppose 4*v - 29 = -3*p, v + 4*p - p = 5. Suppose -y + m - v = -2*y, 5*y = -3*m + 30. Let r(b) = -y + 2 - 6*b + 2. What is r(-1)?
7
Let h(j) = 7*j. Let a(z) = -z**2 - 9*z + 9. Let d = -22 - -12. Let f be a(d). Determine h(f).
-7
Let y(a) = 2*a**3 + 5*a**2 - a. Let m(g) = -4*g**3 - 9*g**2 + 2*g. Let t(l) = -6*m(l) - 11*y(l). Give t(2).
10
Let p(f) = -7*f - 2. Let q(h) = -h - 1. Let s(o) = p(o) - 3*q(o). Let w(g) = g**3 - 4*g + 2. Let b be w(2). What is s(b)?
-7
Let d(l) = -l + 3. Let t(m) = m**2 - 4*m + 6. Let f be t(3). Determine d(f).
0
Let m(z) be the second derivative of -2*z - 3/2*z**2 - 1/6*z**3 + 0. What is m(4)?
-7
Let p(m) = -7*m**2 - 2*m + 1. Suppose 2 - 12 = -10*q. Calculate p(q).
-8
Let r be (10/(-4))/((-3)/18). Let w be (1 - 2) + -14 + r. Let z(j) = -j**3 + j + 13. Determine z(w).
13
Let c(o) = o - 3. Let t be (16/4 - (0 + 8)) + 4. What is c(t)?
-3
Let z(f) be the first derivative of -f**2/2 - 5*f + 7. Let s be (-2 - (3 + -4))*0. Determine z(s).
-5
Let d(f) = f - 16. Let o = 4 - 0. Let h(k) = -k**3 + 4*k**2 + k - 4. Let n be h(o). Give d(n).
-16
Let n(r) be the third derivative of -r**4/12 + 87*r**2. Suppose -5*b - 4 - 1 = 0. Let d be -2 - b - (0 - 6). What is n(d)?
-10
Let x be (-2)/8 + 8/32. Suppose x = -3*u + 2*s - 4, -5*s + 27 = 2*u - u. Let c = 0 + u. Let g(y) = -4*y - 2. Calculate g(c).
-10
Let z be 11/(-2) + (-12)/24. Let v(k) = k**3 + 6*k**2 + 2*k + 4. Calculate v(z).
-8
Let h be (-2*2)/(16/24). Let s(k) = -5*k - 11 + 0*k + 4*k. What is s(h)?
-5
Let f(x) = x**2 - x - 1. Let z(j) = j**2 + j + 7. Let q be z(0). Let r = -5 + q. Let d be 3/9 + r/(-6). Determine f(d).
-1
Let g(d) = -d. Suppose -4*k + s = -3*s, -s - 6 = -3*k. Calculate g(k).
-3
Let w(b) be the third derivative of -b**4/8 - b**3/6 + 43*b**2. Let h(r) = r**3 + 9*r**2 + 8*r. Let z be h(-8). Let k = 